 Let s be j(4). Suppose -n - s = -325. Suppose 328 = p + n. List the prime factors of p.
233
Suppose -9*z = -z - 48. Suppose 1760 = -v + z*v. What are the prime factors of v?
2, 11
Let h = 100392 - -75626. List the prime factors of h/155 + 4/10.
2, 71
What are the prime factors of (-15)/(-6) - -101*952/16?
2, 3, 167
Let p(f) = 6*f + 24. Let t be (-88)/(-55) - 4/(-10). Let r(j) = 12*j + 47. Let h(a) = t*r(a) - 5*p(a). What are the prime factors of h(-15)?
2
Let a = 13 + 398. Suppose -1359 = -4*z - a. List the prime factors of z.
3, 79
Suppose 5*t - 11 = 4. Suppose 11*p - 3*j - 3126 = 6*p, -t*j = -3*p + 1878. List the prime factors of p.
2, 3, 13
Let d be (-1 - (-18)/(-6))*2 - -20. Suppose 5*j = -0*j. Suppose j = d*s - 11*s - 46. List the prime factors of s.
2, 23
What are the prime factors of 357 + -41 - (-6)/(2*-1)?
313
Let z = 35 - 29. What are the prime factors of (16/z + -2)*3*20?
2, 5
Suppose -3*r = 3*r - 12. List the prime factors of ((-21)/r)/((-1)/74).
3, 7, 37
Suppose -3*l + 5*q + 6213 = 0, 2*l + 58*q - 61*q = 4144. List the prime factors of l.
2081
Let z be (4/(-3))/((-330)/495). Let n = 15 - 6. Suppose m + z*s - 133 + 8 = 0, -n = 3*s. What are the prime factors of m?
131
Let f(k) = -k**3 - 20*k**2 + 17*k - 3. Let r be 20/(-6)*(0 - (-6)/(-4)). Suppose v + 16 + r = 0. What are the prime factors of f(v)?
3
Let t(k) = -718*k - 6. Let j be t(2). Let q = j + 2132. List the prime factors of q.
2, 3, 5, 23
What are the prime factors of 96 + 31858 + (0 - (-1 - -1))?
2, 13, 1229
Suppose -16 = -3*j + 2. Let l be 1/(j/(-8)*6/(-9)). Suppose 2*b + 2*t + 15 = 491, 2 = -l*t. What are the prime factors of b?
239
Let m(i) = i**2 + 11*i. Let z be m(-11). Suppose z*a + 2916 = 9*a. What are the prime factors of a?
2, 3
Let c be (-3)/(-1)*3/((-9)/(-82)). Let w be (c/1)/(8/12). Suppose -4*o - 5*x + w = -3*o, 4*o - 469 = 3*x. What are the prime factors of o?
2, 59
Let v = -76 - -84. Let f be v*(-1 + (-4)/(-2)). What are the prime factors of f/(-32) + 1037/4?
7, 37
Let g be (34/3)/((-905)/915 + 1). Suppose -7*z - 685 - g = 0. Let k = -102 - z. What are the prime factors of k?
2, 3
Suppose -164*l - 102*l = -952081 - 1132029. List the prime factors of l.
5, 1567
Let i(u) = 491*u**2 - 69*u - 71. What are the prime factors of i(-5)?
3, 47, 89
Let x(c) be the second derivative of -c**6/120 - c**5/15 + c**4/24 - 7*c**2 + c. Let u(s) be the first derivative of x(s). What are the prime factors of u(-6)?
2, 3, 11
Suppose -555 = 2*h + r, -2*r - 15 = 3*r. What are the prime factors of h/207 - (2 - 1090/3)?
2, 3, 5
Suppose -13 = -u + 3*k, 2*u + u - 3*k = 45. Suppose -n - u = n. What are the prime factors of n/2 - 250/(-10)?
3, 7
Suppose -32*m = -42*m + 56810. Suppose 14*v - 33*v = -m. List the prime factors of v.
13, 23
Let h = -7722 + 9981. List the prime factors of h.
3, 251
Suppose 8*v = 14 + 2. Suppose 4*p - 132 = -v*p. What are the prime factors of 4/(-22) - ((-184)/p)/2?
2
Suppose 4*h - 6 = 2. Let u(f) = -3*f + 39*f**2 + 83*f**h + f + 36*f**2. What are the prime factors of u(-1)?
2, 5
Suppose 3*w - 12 = -2*d, 3*d - 5*w + 0 + 1 = 0. Suppose -3*c + 4*l + 2 = 0, -5 = 46*c - 48*c - l. What are the prime factors of (c - (-6)/(-4))/(d/246)?
41
Suppose 860 = 3*p - 2*k + k, k - 4 = 0. Let b = p - 153. What are the prime factors of b?
3, 5
Suppose -3*t - 16*t + 192395 = 16*t. List the prime factors of t.
23, 239
Suppose 39 = 7*k + 11. Suppose k*p + 0*p = 0, 3*r - 33 = 4*p. Suppose -818 = -r*o + 546. What are the prime factors of o?
2, 31
Let s = -3291 - -6899. What are the prime factors of s?
2, 11, 41
Suppose -3*l - 103*i + 15665 = -99*i, -l + 3*i + 5239 = 0. List the prime factors of l.
5227
Let r = -217 + 232. List the prime factors of 2957/r + (-22)/165.
197
Suppose -3*j = -j - 5*c - 4491, -2*c + 2214 = j. What are the prime factors of j?
2, 557
Suppose -4*z - 5*y = -34846, 67*z - 4*y = 69*z - 17420. List the prime factors of z.
2, 4357
Let n be ((-16)/10)/(12/(-30)). Suppose -n*w = -749 + 49. Let f = w - 67. What are the prime factors of f?
2, 3
Let j(i) = i**3 - 37*i**2 - 18*i - 8. Let y be j(37). Let w = y - -1862. What are the prime factors of w?
2, 3, 11
Suppose -q + 3*s + 12425 = 0, -471 = -4*s - 459. List the prime factors of q.
2, 6217
What are the prime factors of ((-6)/3)/((1050/(-592335))/35)?
3, 13163
Let b(n) = 79*n**2 - 108*n - 1096. List the prime factors of b(-13).
3, 29, 157
Suppose 0 = -4*n, n + 3*n = y + 4. Let r be y/((-24)/615) - 3/(-6). List the prime factors of 2/(-1) + (-2 - -3)*r.
101
Suppose 863*t - 4313286 = 689*t. List the prime factors of t.
3, 8263
Suppose -2*g - 3*s = -12, 0 = -s + 4*s. Suppose 0 = g*f - 5*f + 3. What are the prime factors of (0/f + 24)*(0 + 3)?
2, 3
Let w = -378 + 399. List the prime factors of (918 - 2) + (w - 14).
13, 71
Let v = 807 - 484. Let s = v - -1547. Suppose 14*y - 4*y = s. List the prime factors of y.
11, 17
Let c(s) = 47*s + 14. Let g(o) = 142*o + 43. Let a(j) = 8*c(j) - 3*g(j). What are the prime factors of a(-2)?
83
Let p(t) = 6*t**2 - 10*t + 22. Let o be (-1388)/28 + (-3)/7. Let q = o - -54. What are the prime factors of p(q)?
2, 3, 13
Let j(p) = 7*p**2 - 17*p - 504. List the prime factors of j(-30).
2, 3, 1051
Suppose -23 = 8*o - 7*o. Let c = o - -24. Let f(v) = 110*v**3 + 2*v - 1. What are the prime factors of f(c)?
3, 37
Let o = 50 - 46. Suppose o*q = b - 408, 2*b - 10*q - 789 = -11*q. What are the prime factors of b?
2, 3, 11
Let c = -3238 - -5923. Suppose 0 = -4*s - 213 + c. What are the prime factors of s?
2, 3, 103
Suppose 6*d - 8 = 4. Let z be 46 - (4 - d)/(-1). Let l = 57 - z. What are the prime factors of l?
3
Suppose -2*c + 5*r = -19 + 51, 0 = 3*c + 2*r + 10. Let m be ((-45)/(-30))/(c/(-8)). Let h(p) = 40*p**2 + 3*p - 1. List the prime factors of h(m).
3, 5, 11
Suppose 2*z + b = 4239, -2*z = 2*b - 2929 - 1313. List the prime factors of z.
2, 3, 353
Suppose -d = -c + 6729, -53814 = -18*c + 10*c - d. List the prime factors of c.
7, 31
Suppose 0 = 2*q + 5*p - 25441, 6*q + 38228 = 9*q - 2*p. What are the prime factors of q?
2, 3, 11, 193
Let d(o) = 3*o**2 - 8*o + 7. Let u be d(1). Suppose 3*v = 4*a + 887, u*v + 2*a + 295 = 3*v. List the prime factors of v.
3, 11
Suppose 4*j + 5*x = 55564, -j + 6*x - 3*x = -13874. List the prime factors of j.
2, 53, 131
Let u = 102 + -97. Suppose -k = -u*x + 2230, -5*x + 446 = -4*x + 5*k. List the prime factors of x.
2, 223
Suppose -c + 16*a - 13*a + 298 = 0, 0 = 5*c - 4*a - 1435. Let r = 294 - c. List the prime factors of r.
11
Suppose -4*l = -5*m - 9952, -9*l + 11*l - 4*m - 4976 = 0. What are the prime factors of l?
2, 311
Suppose 8*d = 7*d - 15. Let t be (d/(-4))/(-5)*-8. What are the prime factors of (158/t)/(15/45)?
79
Let o = -575 + 631. List the prime factors of (o - 58)/(4/(-622)).
311
Suppose 6*a - 171 = 75. Let q = 126 - a. Suppose b - 2*b = 3*f - q, -3*b - 2*f + 241 = 0. List the prime factors of b.
79
Let u be 1/(-2) - 37665/(-62). Suppose -4*j - j = t - 148, -5*j + u = 4*t. List the prime factors of t.
3, 17
Let l(z) = -188*z**2 - 8*z - 10. Let t(o) = -282*o**2 - 13*o - 15. Let c(d) = -8*l(d) + 5*t(d). List the prime factors of c(3).
2, 53
Suppose -39*l - 292 = -37*l. Let x = l + 436. What are the prime factors of x?
2, 5, 29
Let i = -1272 + 3783. List the prime factors of i.
3, 31
Suppose -3*r + 12*s - 16*s + 32460 = 0, 21642 = 2*r + 3*s. What are the prime factors of r?
2, 3, 17, 53
Let j = -24 - -28. Suppose 5*f - 4*a = j, 2*a + 0 + 2 = 0. Suppose -4*c - 5*o = -c - 85, f = -c - o + 27. List the prime factors of c.
5
Suppose -3*u + 5 = -67. List the prime factors of (-35)/70 - 4/(u/(-6699)).
2, 3, 31
Let s(a) = 56*a - 89. Let y be s(12). Let d = y - 230. List the prime factors of d.
353
List the prime factors of (-12 + 14 - 11) + 24121 + 3.
5, 7, 13, 53
Suppose 20*o + 3752 + 154 = 2*o. Let k(w) = -33*w**2 + w + 2. Let c be k(2). Let v = c - o. What are the prime factors of v?
89
Let h be (-402)/9*12/8. Let n = 83 + h. Let l = n - -45. List the prime factors of l.
61
Suppose -8*x + 2*q - 254 = -3*x, 2*x = -4*q - 92. What are the prime factors of x/20 - 901/(-2)?
2, 7
Suppose -230 + 790 = -7*l. Let u = 352 + -211. Let i = u + l. List the prime factors of i.
61
Let c be 4 - 0 - (-19 - 0). Suppose -15*x + c*x = 5256. Suppose -7*f + x = -344. What are 